0100
Convert -3 (base 8) to base 13.
-3
Convert 11 (base 3) to base 4.
10
Convert 7 (base 12) to base 3.
21
4 (base 13) to base 11
4
Convert 0 (base 11) to base 16.
0
Convert -20 (base 9) to base 11.
-17
What is -1110 (base 2) in base 3?
-112
What is -8 (base 15) in base 7?
-11
Convert -3 (base 11) to base 10.
-3
Convert 9 (base 12) to base 16.
9
Convert -11111 (base 4) to base 3.
-110122
-1122 (base 3) to base 7
-62
What is -242 (base 7) in base 13?
-9b
Convert -2 (base 10) to base 3.
-2
What is 10 (base 6) in base 2?
110
What is 0 (base 3) in base 14?
0
What is -128 (base 10) in base 12?
-a8
Convert -22 (base 7) to base 3.
-121
What is 2 (base 14) in base 15?
2
-3 (base 7) to base 4
-3
-37 (base 16) to base 15
-3a
What is -4 (base 6) in base 5?
-4
54 (base 14) to base 7
134
Convert 18 (base 16) to base 15.
19
What is -15 (base 7) in base 14?
-c
What is -51 (base 8) in base 15?
-2b
What is 101 (base 4) in base 12?
15
What is -114 (base 11) in base 12?
-b4
Convert -24 (base 8) to base 2.
-10100
1 (base 9) to base 5
1
34 (base 15) to base 6
121
What is 7 (base 12) in base 2?
111
-15 (base 13) to base 7
-24
Convert -7b (base 12) to base 8.
-137
Convert -5d (base 15) to base 7.
-154
What is 76 (base 15) in base 4?
1233
What is -310 (base 5) in base 16?
-50
f (base 16) to base 10
15
234 (base 5) to base 10
69
1 (base 16) to base 3
1
Convert 4 (base 14) to base 9.
4
-b0 (base 16) to base 10
-176
-5 (base 15) to base 5
-10
87 (base 12) to base 3
10211
What is 13 (base 10) in base 13?
10
Convert 38 (base 11) to base 3.
1112
Convert 4 (base 10) to base 8.
4
What is -1 (base 4) in base 14?
-1
-18 (base 13) to base 4
-111
Convert -3 (base 10) to base 2.
-11
Convert 14 (base 13) to base 10.
17
-9 (base 13) to base 10
-9
Convert 10 (base 3) to base 9.
3
Convert -11011 (base 2) to base 12.
-23
Convert -31 (base 7) to base 15.
-17
362 (base 7) to base 5
1231
6d (base 16) to base 13
85
Convert -1 (base 14) to base 16.
-1
What is 2 (base 8) in base 4?
2
Convert -19 (base 11) to base 4.
-110
Convert -5a (base 13) to base 6.
-203
What is 6 (base 12) in base 3?
20
Convert 333 (base 7) to base 6.
443
What is -153 (base 9) in base 11?
-108
Convert 3 (base 11) to base 5.
3
13 (base 7) to base 9
11
Convert 1100 (base 2) to base 9.
13
-3 (base 16) to base 10
-3
1 (base 3) to base 15
1
Convert 22 (base 4) to base 2.
1010
11 (base 13) to base 3
112
Convert 112 (base 3) to base 11.
13
Convert -10 (base 3) to base 2.
-11
10 (base 15) to base 2
1111
b3 (base 13) to base 5
1041
Convert -1204 (base 5) to base 3.
-20122
What is 2 (base 16) in base 4?
2
-1 (base 15) to base 3
-1
Convert 6 (base 12) to base 3.
20
41 (base 8) to base 7
45
Convert 46 (base 12) to base 9.
60
Convert -110 (base 2) to base 9.
-6
Convert -3 (base 14) to base 2.
-11
What is f3 (base 16) in base 10?
243
d (base 15) to base 5
23
What is 23 (base 5) in base 13?
10
What is -113 (base 10) in base 15?
-78
What is -10 (base 14) in base 9?
-15
-8 (base 12) to base 6
-12
Convert -1111 (base 2) to base 8.
-17
-15 (base 12) to base 14
-13
-9e (base 15) to base 6
-405
Convert -1212 (base 4) to base 11.
-93
Convert -3 (base 14) to base 12.
-3
What is ba (base 13) in base 8?
231
What is 331 (base 5) in base 6?
231
Convert -98 (base 10) to base 16.
-62
Convert 132 (base 6) to base 8.
70
Convert -8 (base 13) to base 2.
-1000
-35 (base 10) to base 12
-2b
Convert 4 (base 8) to base 7.
4
7 (base 11) to base 6
11
Convert -7 (base 12) to base 4.
-13
What is -3 (base 16) in base 3?
-10
3 (base 10) to base 15
3
What is -1 (base 11) in base 10?
-1
What is -a3 (base 13) in base 3?
-11221
2 (base 16) to base 11
2
What is 0 (base 14) in base 15?
0
-68 (base 11) to base 13
-59
What is -2 (base 14) in base 13?
-2
What is 24 (base 6) in base 3?
121
Convert -2 (base 12) to base 6.
-2
Convert 1 (base 2) to base 3.
1
Convert -202 (base 4) to base 11.
-31
What is -4 (base 10) in base 12?
-4
What is -b4 (base 15) in base 4?
-2221
What is 1 (base 14) in base 8?
1
Convert -134 (base 8) to base 14.
-68
Convert -1 (base 8) to base 11.
-1
-3 (base 9) to base 5
-3
Convert -1103 (base 5) to base 8.
-231
Convert -222 (base 7) to base 5.
-424
1100010 (base 2) to base 12
82
Convert -4 (base 14) to base 4.
-10
Convert 15 (base 10) to base 13.
12
Convert -3 (base 16) to base 11.
-3
What is 10000 (base 2) in base 8?
20
4 (base 9) to base 11
4
What is 200 (base 3) in base 9?
20
Convert -44 (base 5) to base 8.
-30
7a (base 14) to base 5
413
What is -60 (base 8) in base 2?
-110000
What is 122 (base 6) in base 2?
110010
What is -6 (base 12) in base 10?
-6
Convert -3 (base 9) to base 4.
-3
43 (base 9) to base 16
27
31 (base 12) to base 3
1101
What is 0 (base 13) in base 10?
0
Convert 186 (base 14) to base 2.
100111010
0 (base 5) to base 14
0
What is 11 (base 2) in base 16?
3
What is 140 (base 6) in base 11?
55
-3 (base 16) to base 12
-3
-9 (base 13) to base 5
-14
Convert -20001 (base 3) to base 4.
-2203
Convert -14 (base 6) to base 9.
-11
-5 (base 6) to base 9
-5
What is -10 (base 6) in base 5?
-11
Convert -62 (base 7) to base 13.
-35
What is 3 (base 6) in base 5?
3
5 (base 12) to base 3
12
-1011 (base 3) to base 6
-51
What is -1111 (base 4) in base 15?
-5a
Convert 200 (base 10) to base 2.
11001000
Convert -30 (base 12) to base 7.
-51
-1032 (base 4) to base 8
-116
What is 12 (base 3) in base 10?
5
Convert -8 (base 10) to base 13.
-8
-5 (base 14) to base 2
-101
What is 142 (base 6) in base 13?
4a
-112 (base 6) to base 16
-2c
Convert 8 (base 16) to base 10.
8
2 (base 14) to base 11
2
What is 150 (base 8) in base 14?
76
Convert 41 (base 6) to base 9.
27
What is 54 (base 12) in base 4?
1000
-42 (base 6) to base 5
-101
235 (base 6) to base 7
164
Convert 3 (base 14) to base 2.
11
Convert -112 (base 5) to base 3.
-1012
-5 (base 7) to base 8
-5
What is -1 (base 11) in base 7?
-1
What is 163 (base 9) in base 10?
138
Convert -13 (base 8) to base 10.
-11
What is -6 (base 14) in base 11?
-6
Convert 12 (base 6) to base 11.
8
What is -2 (base 7) in base 10?
-2
28 (base 9) to base 13
20
What is -4 (base 5) in base 2?
-100
10 (base 9) to base 13
9
Convert 1111100 (base 2) to base 11.
103
What is -10 (base 11) in base 15?
-b
-c (base 15) to base 5
-22
What is 2 (base 11) in base 12?
2
Convert 12002 (base 4) to base 10.
386
What is -545 (base 7) in base 15?
-138
Convert -101 (base 6) to base 14.
-29
9 (base 15) to base 7
12
-11 (base 9) to base 10
-10
Convert -b (base 15) to base 2.
-1011
Convert -3 (base 4) to base 9.
-3
What is 11 (base 2) in base 10?
3
Convert 443 (base 6) to base 9.
210
8 (base 9) to base 5
13
What is 1101 (base 2) in base 16?
d
5 (base 15) to base 13
5
Convert 2 (base 7) to base 13.
2
-74 (base 9) to base 16
-43
Convert -2 (base 5) to base 6.
-2
What is -223 (base 6) in base 15?
-5c
Convert 0 (base 15) to base 14.
0
What is -524 (base 9) in base 12?
-2b7
-2 (base 9) to base 4
-2
What is 152 (base 11) in base 14?
ca
Convert 14 (base 15) to base 9.
21
Convert -a (base 12) to base 15.
-a
-10011010 (base 2) to base 13
-bb
What is -313 (base 6) in base 16?
-75
What is 1 (base 6) in base 8?
1
Convert -9 (base 12) to base 10.
-9
What is a (base 14) in base 3?
101
Convert -2 (base 4) to base 15.
-2
1 (base 15) to base 10
1
Convert 0 (base 16) to base 2.
0
What is 160 (base 16) in base 11?
2a0
0 (base 16) to base 13
0
Convert 0 (base 15) to base 5.
0
What is 3c (base 15) in base 7?
111
What is 0 (base 4) in base 16?
0
-c (base 15) to base 4
-30
-18 (base 10) to base 2
-10010
What is 1c (base 15) in base 11?
25
42 (base 13) to base 15
39
-48 (base 9) to base 4
-230
Convert 63 (base 10) to base 16.
3f
What is 315 (base 8) in base 5?
1310
What is 8 (base 16) in base 5?
13
What is -2 (base 7) in base 5?
-2
What is -193 (base 11) in base 3?
-22021
What is 1010010 (base 2) in base 9?
101
What is 43 (base 6) in base 9?
30
What is 26 (base 7) in base 15?
15
Convert -3 (base 9) to base 4.
-3
What is 0 (base 7) in base 10?
0
-30 (base 11) to base 16
-21
-10120 (base 3) to base 14
-6c
Convert -26 (base 8) to base 6.
-34
-8 (base 12) to base 11
-8
-1101 (base 2) to base 5
-23
Convert -5 (base 10) to base 13.
-5
What is 2 (base 6) in base 14?
2
-4 (base 13) to base 14
-4
Convert 20 (base 8) to base 2.
10000
Convert -4 (base 14) to base 7.
-4
What is 4 (base 6) in b